{"id":265,"date":"2025-06-01T11:49:23","date_gmt":"2025-06-01T09:49:23","guid":{"rendered":"https:\/\/studioducommun.fr\/?page_id=265"},"modified":"2025-06-01T19:49:46","modified_gmt":"2025-06-01T17:49:46","slug":"equipe","status":"publish","type":"page","link":"https:\/\/studioducommun.fr\/index.php\/equipe\/","title":{"rendered":"\u00c9QUIPE"},"content":{"rendered":"\n<figure class=\"wp-block-image size-full\"><img loading=\"lazy\" decoding=\"async\" width=\"1000\" height=\"876\" src=\"https:\/\/studioducommun.fr\/wp-content\/uploads\/2025\/06\/IMG_3598-NB-Basse.jpg\" alt=\"\" class=\"wp-image-269\" srcset=\"https:\/\/studioducommun.fr\/wp-content\/uploads\/2025\/06\/IMG_3598-NB-Basse.jpg 1000w, https:\/\/studioducommun.fr\/wp-content\/uploads\/2025\/06\/IMG_3598-NB-Basse-300x263.jpg 300w, https:\/\/studioducommun.fr\/wp-content\/uploads\/2025\/06\/IMG_3598-NB-Basse-768x673.jpg 768w\" sizes=\"auto, (max-width: 1000px) 100vw, 1000px\" \/><\/figure>\n\n\n<h3><strong>Willy Dutilleul<\/strong><\/h3>\n<p>Dipl\u00f4m\u00e9 en 2018 \u00e0 l\u2019\u00e9cole d\u2019architecture de Grenoble, il cr\u00e9e en 2020 l&rsquo;agence STUDIO DU COMMUN ou il d\u00e9veloppe des \u00e9tudes cr\u00e9atives et constructives dans le bassin de vie grenoblois. Ces comp\u00e9tences vari\u00e9es dans le domaine de la construction lui permettent de travailler sur un large panel de projets dans le tertiaire, les maisons individuelles, les \u00e9difices neufs, en r\u00e9novation, ou l\u2019am\u00e9nagement int\u00e9rieur. Il est en lien avec des organismes publics, des clients priv\u00e9s ou des structures associatives, il est tr\u00e8s volontaire pour mettre en place des dispositifs collectifs comme des chantiers participatifs, auto-construction ou habitats partag\u00e9s.<br \/>La coh\u00e9rence environnementale des r\u00e9alisations lui est primordiale, ainsi, il met en \u0153uvre des mat\u00e9riaux sains comme la pierre, le bois, la paille ou la terre.<\/p>\n<h3 style=\"text-align: center;\"><strong>Lilian Chaubet\u00a0<\/strong><\/h3>\n<p style=\"text-align: center;\">Dipl\u00f4m\u00e9 en 2013 \u00e0 l\u2019\u00e9cole de Versailles et Grenoble, il aborde ce m\u00e9tier dans de petites agences \u00e0 Annecy. C\u2019est l\u00e0 qu&rsquo;il apprend \u00e0 garder une oreille attentive aux aspirations et implications des habitants. Entre 2017 et 2022 \u00a0il rejoint le milieu associatif \u00e0 Paris et Marseille pour d\u00e9velopper des projets coop\u00e9ratifs en qu\u00eate d\u2019impact social et environnemental. Il se sp\u00e9cialise notamment dans l\u2019exp\u00e9rimentation du r\u00e9emploi de mat\u00e9riaux issus du b\u00e2timent. En 2022, il revient dans le territoire Grenoblois pour red\u00e9couvrir une pratique plus classique du m\u00e9tier d\u2019architecte et travailler principalement sur des b\u00e2timents existants pour des raisons \u00e9cologiques.<em>\u00a0<\/em>En 2025 il rejoint l&rsquo;agence pour devenir associ\u00e9 de STUDIO DU COMMUN.\u00a0<\/p>\n<h3 style=\"text-align: right;\"><strong>Nils Galloy<\/strong><\/h3>\n<p style=\"text-align: right;\">Dipl\u00f4m\u00e9 en 2024 \u00e0 l\u2019\u00e9cole d\u2019architecture de Grenoble, il rentre au bureau STUDIO DU COMMUN en septembre pour r\u00e9aliser son Habilitation \u00e0 l\u2019Exercice de la Ma\u00eetrise d\u2019Oeuvre en Nom Propre. Toujours un carnet de dessin \u00e0 la main il apporte une vision transversale \u00e0 l&rsquo;\u00e9quipe de part sa cr\u00e9ativit\u00e9 et ses facilit\u00e9s \u00e0 travailler en groupe,<\/p>\n<p>&nbsp;<\/p>\n<p>&nbsp;<\/p>","protected":false},"excerpt":{"rendered":"<p>Willy Dutilleul Dipl\u00f4m\u00e9 en 2018 \u00e0 l\u2019\u00e9cole d\u2019architecture de Grenoble, il cr\u00e9e en 2020 l&rsquo;agence STUDIO DU COMMUN ou il d\u00e9veloppe des \u00e9tudes cr\u00e9atives et constructives dans le bassin de vie grenoblois. Ces comp\u00e9tences vari\u00e9es dans le domaine de la construction lui permettent de travailler sur un large panel de projets dans le tertiaire, les [&hellip;]<\/p>\n","protected":false},"author":1,"featured_media":0,"parent":0,"menu_order":0,"comment_status":"closed","ping_status":"closed","template":"","meta":{"footnotes":""},"class_list":["post-265","page","type-page","status-publish","hentry"],"_links":{"self":[{"href":"https:\/\/studioducommun.fr\/index.php\/wp-json\/wp\/v2\/pages\/265","targetHints":{"allow":["GET"]}}],"collection":[{"href":"https:\/\/studioducommun.fr\/index.php\/wp-json\/wp\/v2\/pages"}],"about":[{"href":"https:\/\/studioducommun.fr\/index.php\/wp-json\/wp\/v2\/types\/page"}],"author":[{"embeddable":true,"href":"https:\/\/studioducommun.fr\/index.php\/wp-json\/wp\/v2\/users\/1"}],"replies":[{"embeddable":true,"href":"https:\/\/studioducommun.fr\/index.php\/wp-json\/wp\/v2\/comments?post=265"}],"version-history":[{"count":7,"href":"https:\/\/studioducommun.fr\/index.php\/wp-json\/wp\/v2\/pages\/265\/revisions"}],"predecessor-version":[{"id":279,"href":"https:\/\/studioducommun.fr\/index.php\/wp-json\/wp\/v2\/pages\/265\/revisions\/279"}],"wp:attachment":[{"href":"https:\/\/studioducommun.fr\/index.php\/wp-json\/wp\/v2\/media?parent=265"}],"curies":[{"name":"wp","href":"https:\/\/api.w.org\/{rel}","templated":true}]}}